{"id":656,"date":"2025-04-18T16:18:46","date_gmt":"2025-04-18T14:18:46","guid":{"rendered":"https:\/\/jouvella.fr\/?page_id=656"},"modified":"2025-06-21T00:45:52","modified_gmt":"2025-06-20T22:45:52","slug":"accueil","status":"publish","type":"page","link":"https:\/\/jouvella.fr\/","title":{"rendered":"accueil"},"content":{"rendered":"\t\t<div data-elementor-type=\"wp-post\" data-elementor-id=\"656\" class=\"elementor elementor-656\" data-elementor-post-type=\"page\">\n\t\t\t\t<div class=\"elementor-element elementor-element-db7a7ff e-con-full e-flex e-con e-parent\" data-id=\"db7a7ff\" data-element_type=\"container\" data-settings=\"{&quot;background_background&quot;:&quot;classic&quot;}\">\n\t\t\t\t<div class=\"elementor-element elementor-element-64066a3 elementor-widget elementor-widget-heading\" data-id=\"64066a3\" data-element_type=\"widget\" data-widget_type=\"heading.default\">\n\t\t\t\t<div class=\"elementor-widget-container\">\n\t\t\t\t\t<h2 class=\"elementor-heading-title elementor-size-default\"><span class=\"highlight2\">BIEN VIVRE,<\/span><\/h2>\t\t\t\t<\/div>\n\t\t\t\t<\/div>\n\t\t\t\t<div class=\"elementor-element elementor-element-09eae73 elementor-widget elementor-widget-heading\" data-id=\"09eae73\" data-element_type=\"widget\" data-widget_type=\"heading.default\">\n\t\t\t\t<div class=\"elementor-widget-container\">\n\t\t\t\t\t<h2 class=\"elementor-heading-title elementor-size-default\"><span class=\"highlight2\"> EN TOUTE S\u00e9r\u00e9nit\u00e9.<\/span><\/h2>\t\t\t\t<\/div>\n\t\t\t\t<\/div>\n\t\t\t\t<\/div>\n\t\t<div class=\"elementor-element elementor-element-f888fb0 e-flex e-con-boxed e-con e-parent\" data-id=\"f888fb0\" data-element_type=\"container\" data-settings=\"{&quot;background_background&quot;:&quot;classic&quot;}\">\n\t\t\t\t\t<div class=\"e-con-inner\">\n\t\t\t\t<div class=\"elementor-element elementor-element-40811ce elementor-widget elementor-widget-image\" data-id=\"40811ce\" data-element_type=\"widget\" data-widget_type=\"image.default\">\n\t\t\t\t<div class=\"elementor-widget-container\">\n\t\t\t\t\t\t\t\t\t\t\t\t\t\t\t<img decoding=\"async\" src=\"https:\/\/jouvella.fr\/wp-content\/uploads\/elementor\/thumbs\/favicon-1-r4d2skm7b8x53ymboy07n0corf40ojueadc8v80utc.png\" title=\"favicon\" alt=\"favicon\" loading=\"lazy\" \/>\t\t\t\t\t\t\t\t\t\t\t\t\t\t\t<\/div>\n\t\t\t\t<\/div>\n\t\t\t\t\t<\/div>\n\t\t\t\t<\/div>\n\t\t<div class=\"elementor-element elementor-element-cfffbe6 e-con-full e-flex e-con e-parent\" data-id=\"cfffbe6\" data-element_type=\"container\" data-settings=\"{&quot;animation&quot;:&quot;none&quot;,&quot;animation_mobile&quot;:&quot;none&quot;,&quot;animation_delay&quot;:5000,&quot;background_background&quot;:&quot;classic&quot;}\">\n\t\t<div class=\"elementor-element elementor-element-3e4aad9 e-con-full e-flex e-con e-child\" data-id=\"3e4aad9\" data-element_type=\"container\" data-settings=\"{&quot;background_background&quot;:&quot;classic&quot;}\">\n\t\t\t\t<div class=\"elementor-element elementor-element-e1bfb02 animated-slow elementor-widget elementor-widget-text-editor\" data-id=\"e1bfb02\" data-element_type=\"widget\" data-settings=\"{&quot;_animation&quot;:&quot;none&quot;,&quot;_animation_delay&quot;:500,&quot;_animation_mobile&quot;:&quot;fadeInRight&quot;}\" data-widget_type=\"text-editor.default\">\n\t\t\t\t<div class=\"elementor-widget-container\">\n\t\t\t\t\t\t\t\t\t<p>Bienvenue chez JOUVELLA,<\/p><p>R\u00e9sidences pour<br \/>s\u00e9niors autonomes.<\/p>\t\t\t\t\t\t\t\t<\/div>\n\t\t\t\t<\/div>\n\t\t\t\t<\/div>\n\t\t<div class=\"elementor-element elementor-element-bc93ae4 e-con-full e-flex e-con e-child\" data-id=\"bc93ae4\" data-element_type=\"container\">\n\t\t\t\t<div class=\"elementor-element elementor-element-becb724 elementor-widget__width-initial elementor-widget elementor-widget-text-editor\" data-id=\"becb724\" data-element_type=\"widget\" data-settings=\"{&quot;_animation&quot;:&quot;none&quot;}\" data-widget_type=\"text-editor.default\">\n\t\t\t\t<div class=\"elementor-widget-container\">\n\t\t\t\t\t\t\t\t\t<p>Savourez une vie paisible dans un cadre s\u00e9curis\u00e9, lib\u00e9r\u00e9 des contraintes du quotidien et de la solitude.<\/p><p>Profitez d\u2019un environnement raffin\u00e9, alliant ind\u00e9pendance, convivialit\u00e9 et bien-\u00eatre.<\/p>\t\t\t\t\t\t\t\t<\/div>\n\t\t\t\t<\/div>\n\t\t\t\t<\/div>\n\t\t\t\t<\/div>\n\t\t<div class=\"elementor-element elementor-element-f416d18 e-flex e-con-boxed e-con e-parent\" data-id=\"f416d18\" data-element_type=\"container\">\n\t\t\t\t\t<div class=\"e-con-inner\">\n\t\t\t\t<div class=\"elementor-element elementor-element-86de314 elementor-widget elementor-widget-text-editor\" data-id=\"86de314\" data-element_type=\"widget\" data-widget_type=\"text-editor.default\">\n\t\t\t\t<div class=\"elementor-widget-container\">\n\t\t\t\t\t\t\t\t\t<p>Comment rendons-nous cela possible ?<\/p>\t\t\t\t\t\t\t\t<\/div>\n\t\t\t\t<\/div>\n\t\t\t\t<div class=\"elementor-element elementor-element-ebde3fd elementor-widget__width-initial elementor-widget elementor-widget-text-editor\" data-id=\"ebde3fd\" data-element_type=\"widget\" data-widget_type=\"text-editor.default\">\n\t\t\t\t<div class=\"elementor-widget-container\">\n\t\t\t\t\t\t\t\t\t<p><strong>Nous nous concentrons sur ce qui a du sens, sur de l&rsquo;essentiel et authentique.<\/strong><\/p><p>Nos r\u00e9sidences sont des lieux de vie sains, sophistiqu\u00e9s et s\u00e9curis\u00e9s dans des maisons anciennes r\u00e9nov\u00e9es \u00e0 neuf. A taille humaine et familiale, nous sugg\u00e9rons le vivre ensemble tout en assurant votre ind\u00e9pendance.<\/p><p>Nous adoptons une d\u00e9marche unique et bienveillante d\u2019\u00e9panouissement o\u00f9 nos services tronc commun ou optionnels vous garantiront tranquillit\u00e9 d\u2019esprit et dynamisme.<\/p>\t\t\t\t\t\t\t\t<\/div>\n\t\t\t\t<\/div>\n\t\t\t\t\t<\/div>\n\t\t\t\t<\/div>\n\t\t<div class=\"elementor-element elementor-element-4e199be e-flex e-con-boxed e-con e-parent\" data-id=\"4e199be\" data-element_type=\"container\">\n\t\t\t\t\t<div class=\"e-con-inner\">\n\t\t<div class=\"elementor-element elementor-element-21c1e65 e-con-full e-flex e-con e-child\" data-id=\"21c1e65\" data-element_type=\"container\" data-settings=\"{&quot;background_background&quot;:&quot;video&quot;,&quot;background_video_link&quot;:&quot;https:\\\/\\\/jouvella.fr\\\/wp-content\\\/uploads\\\/2025\\\/04\\\/Video-30-1.mp4&quot;,&quot;background_play_on_mobile&quot;:&quot;yes&quot;}\">\n\t\t<div class=\"elementor-background-video-container\">\n\t\t\t\t\t\t\t<video class=\"elementor-background-video-hosted\" autoplay muted playsinline loop><\/video>\n\t\t\t\t\t<\/div>\t\t<\/div>\n\t\t<div class=\"elementor-element elementor-element-4edc9a5 e-con-full e-flex elementor-invisible e-con e-child\" data-id=\"4edc9a5\" data-element_type=\"container\" data-settings=\"{&quot;animation&quot;:&quot;fadeInUp&quot;}\">\n\t\t\t\t<div class=\"elementor-element elementor-element-227baef elementor-widget elementor-widget-heading\" data-id=\"227baef\" data-element_type=\"widget\" data-widget_type=\"heading.default\">\n\t\t\t\t<div class=\"elementor-widget-container\">\n\t\t\t\t\t<h2 class=\"elementor-heading-title elementor-size-default\"><span class=\"highlight\">UN LIEU DE VIE IDEAL<\/h2>\t\t\t\t<\/div>\n\t\t\t\t<\/div>\n\t\t\t\t<div class=\"elementor-element elementor-element-635e6e8 elementor-widget-divider--view-line elementor-widget elementor-widget-divider\" data-id=\"635e6e8\" data-element_type=\"widget\" data-widget_type=\"divider.default\">\n\t\t\t\t<div class=\"elementor-widget-container\">\n\t\t\t\t\t\t\t<div class=\"elementor-divider\">\n\t\t\t<span class=\"elementor-divider-separator\">\n\t\t\t\t\t\t<\/span>\n\t\t<\/div>\n\t\t\t\t\t\t<\/div>\n\t\t\t\t<\/div>\n\t\t\t\t<div class=\"elementor-element elementor-element-081b384 elementor-widget elementor-widget-text-editor\" data-id=\"081b384\" data-element_type=\"widget\" data-widget_type=\"text-editor.default\">\n\t\t\t\t<div class=\"elementor-widget-container\">\n\t\t\t\t\t\t\t\t\t<p>&gt; De v\u00e9ritables <b>appartement<\/b><b>s<\/b> \u00e9quip\u00e9s pour votre espace priv\u00e9 et votre ind\u00e9pendance<\/p><p>&gt; Des <b>parties communes <\/b>conviviales et \u00e9tudi\u00e9es pour le partage<\/p><p>&gt; Le <b>charme de l\u2019ancien <\/b>r\u00e9nov\u00e9 \u00e0 neuf<\/p><p>&gt; <b>Proximit\u00e9 centre-ville <\/b><i>(sant\u00e9, secours, commerce, transport, animations, etc.)<\/i><\/p>\t\t\t\t\t\t\t\t<\/div>\n\t\t\t\t<\/div>\n\t\t\t\t<\/div>\n\t\t\t\t\t<\/div>\n\t\t\t\t<\/div>\n\t\t<div class=\"elementor-element elementor-element-d9fdc6a e-flex e-con-boxed e-con e-parent\" data-id=\"d9fdc6a\" data-element_type=\"container\">\n\t\t\t\t\t<div class=\"e-con-inner\">\n\t\t<div class=\"elementor-element elementor-element-620abab e-con-full e-flex elementor-invisible e-con e-child\" data-id=\"620abab\" data-element_type=\"container\" data-settings=\"{&quot;animation&quot;:&quot;fadeInUp&quot;}\">\n\t\t\t\t<div class=\"elementor-element elementor-element-e93908a elementor-widget elementor-widget-heading\" data-id=\"e93908a\" data-element_type=\"widget\" data-widget_type=\"heading.default\">\n\t\t\t\t<div class=\"elementor-widget-container\">\n\t\t\t\t\t<h2 class=\"elementor-heading-title elementor-size-default\"><span class=\"highlight\">UNE VRAIE EXPERIENCE DE VIE<\/h2>\t\t\t\t<\/div>\n\t\t\t\t<\/div>\n\t\t\t\t<div class=\"elementor-element elementor-element-48bb60e elementor-widget-divider--view-line elementor-widget elementor-widget-divider\" data-id=\"48bb60e\" data-element_type=\"widget\" data-widget_type=\"divider.default\">\n\t\t\t\t<div class=\"elementor-widget-container\">\n\t\t\t\t\t\t\t<div class=\"elementor-divider\">\n\t\t\t<span class=\"elementor-divider-separator\">\n\t\t\t\t\t\t<\/span>\n\t\t<\/div>\n\t\t\t\t\t\t<\/div>\n\t\t\t\t<\/div>\n\t\t\t\t<div class=\"elementor-element elementor-element-be8ee26 elementor-widget elementor-widget-text-editor\" data-id=\"be8ee26\" data-element_type=\"widget\" data-widget_type=\"text-editor.default\">\n\t\t\t\t<div class=\"elementor-widget-container\">\n\t\t\t\t\t\t\t\t\t<p>&gt; Un groupe de r\u00e9sidents \u00e0 taille humaine avec un <b>esprit familial <\/b>afin de luter contre la solitude et favoriser le partage<\/p><p>&gt; Des <b>services<\/b> (communs ou optionnels) et <b>une \u00e9quipe <\/b>\u00e0 votre \u00e9coute pour vous lib\u00e9rer des contraintes du quotidien<\/p><p>&gt; <b>Une d\u00e9marche unique <\/b><b>d\u2019\u00e9panouissement<\/b> centr\u00e9e\u00a0 vers l\u2019individu pour favoriser un bien vieillir en toute s\u00e9r\u00e9nit\u00e9<\/p>\t\t\t\t\t\t\t\t<\/div>\n\t\t\t\t<\/div>\n\t\t\t\t<\/div>\n\t\t<div class=\"elementor-element elementor-element-fcfeef5 e-con-full e-flex e-con e-child\" data-id=\"fcfeef5\" data-element_type=\"container\" data-settings=\"{&quot;background_background&quot;:&quot;video&quot;,&quot;background_video_link&quot;:&quot;https:\\\/\\\/jouvella.fr\\\/wp-content\\\/uploads\\\/2025\\\/06\\\/collectif-senior.mp4&quot;,&quot;background_play_on_mobile&quot;:&quot;yes&quot;}\">\n\t\t<div class=\"elementor-background-video-container\">\n\t\t\t\t\t\t\t<video class=\"elementor-background-video-hosted\" autoplay muted playsinline loop><\/video>\n\t\t\t\t\t<\/div>\t\t<\/div>\n\t\t\t\t\t<\/div>\n\t\t\t\t<\/div>\n\t\t<div class=\"elementor-element elementor-element-df5c16b e-flex e-con-boxed e-con e-parent\" data-id=\"df5c16b\" data-element_type=\"container\">\n\t\t\t\t\t<div class=\"e-con-inner\">\n\t\t<div class=\"elementor-element elementor-element-bee3b6c e-con-full e-flex e-con e-child\" data-id=\"bee3b6c\" data-element_type=\"container\" data-settings=\"{&quot;background_background&quot;:&quot;video&quot;,&quot;background_video_link&quot;:&quot;https:\\\/\\\/jouvella.fr\\\/wp-content\\\/uploads\\\/2025\\\/06\\\/professionnel-sante-senior.mp4&quot;}\">\n\t\t<div class=\"elementor-background-video-container elementor-hidden-mobile\">\n\t\t\t\t\t\t\t<video class=\"elementor-background-video-hosted\" autoplay muted playsinline loop><\/video>\n\t\t\t\t\t<\/div>\t\t<\/div>\n\t\t<div class=\"elementor-element elementor-element-e5b11b3 e-con-full e-flex elementor-invisible e-con e-child\" data-id=\"e5b11b3\" data-element_type=\"container\" data-settings=\"{&quot;animation&quot;:&quot;fadeInUp&quot;}\">\n\t\t\t\t<div class=\"elementor-element elementor-element-d503752 elementor-widget elementor-widget-heading\" data-id=\"d503752\" data-element_type=\"widget\" data-widget_type=\"heading.default\">\n\t\t\t\t<div class=\"elementor-widget-container\">\n\t\t\t\t\t<h2 class=\"elementor-heading-title elementor-size-default\"><span class=\"highlight\"> UN CADRE SECURISE<\/h2>\t\t\t\t<\/div>\n\t\t\t\t<\/div>\n\t\t\t\t<div class=\"elementor-element elementor-element-6814548 elementor-widget-divider--view-line elementor-widget elementor-widget-divider\" data-id=\"6814548\" data-element_type=\"widget\" data-widget_type=\"divider.default\">\n\t\t\t\t<div class=\"elementor-widget-container\">\n\t\t\t\t\t\t\t<div class=\"elementor-divider\">\n\t\t\t<span class=\"elementor-divider-separator\">\n\t\t\t\t\t\t<\/span>\n\t\t<\/div>\n\t\t\t\t\t\t<\/div>\n\t\t\t\t<\/div>\n\t\t\t\t<div class=\"elementor-element elementor-element-3a7ab4a elementor-widget elementor-widget-text-editor\" data-id=\"3a7ab4a\" data-element_type=\"widget\" data-widget_type=\"text-editor.default\">\n\t\t\t\t<div class=\"elementor-widget-container\">\n\t\t\t\t\t\t\t\t\t<p>&gt; Une <b>pr\u00e9sence 7j\/7 <\/b>pour vous assurer un cadre s\u00e9curisant et dynamisant<\/p><p>&gt; Une <b>d<\/b><b>\u00e9marche <\/b><b>PMR <\/b>pour assurer l\u2019\u00e9volution de votre mobilit\u00e9<\/p><p>&gt;\u00a0 Un <b>dispositif d\u2019urgence<\/b> par la t\u00e9l\u00e9assistance, venant compl\u00e9ter la solidarit\u00e9 du collectif<\/p><p>&gt; Des <b>professionnels du service \u00e0 la personne<\/b> pour vous accompagner<\/p>\t\t\t\t\t\t\t\t<\/div>\n\t\t\t\t<\/div>\n\t\t\t\t<\/div>\n\t\t\t\t\t<\/div>\n\t\t\t\t<\/div>\n\t\t<div class=\"elementor-element elementor-element-be655f3 e-flex e-con-boxed e-con e-parent\" data-id=\"be655f3\" data-element_type=\"container\" data-settings=\"{&quot;background_background&quot;:&quot;classic&quot;}\">\n\t\t\t\t\t<div class=\"e-con-inner\">\n\t\t\t\t<div class=\"elementor-element elementor-element-9713f8c elementor-widget elementor-widget-text-editor\" data-id=\"9713f8c\" data-element_type=\"widget\" data-widget_type=\"text-editor.default\">\n\t\t\t\t<div class=\"elementor-widget-container\">\n\t\t\t\t\t\t\t\t\t<p>Nos services JOUVELLA<\/p>\t\t\t\t\t\t\t\t<\/div>\n\t\t\t\t<\/div>\n\t\t\t\t<div class=\"elementor-element elementor-element-c06a61d elementor-widget__width-initial elementor-widget elementor-widget-text-editor\" data-id=\"c06a61d\" data-element_type=\"widget\" data-widget_type=\"text-editor.default\">\n\t\t\t\t<div class=\"elementor-widget-container\">\n\t\t\t\t\t\t\t\t\t<p><strong>Une formule simple de services : un tronc commun et des services optionnels.<\/strong><\/p>\t\t\t\t\t\t\t\t<\/div>\n\t\t\t\t<\/div>\n\t\t\t\t\t<\/div>\n\t\t\t\t<\/div>\n\t\t<div class=\"elementor-element elementor-element-6e1f2cd e-flex e-con-boxed e-con e-parent\" data-id=\"6e1f2cd\" data-element_type=\"container\" data-settings=\"{&quot;background_background&quot;:&quot;classic&quot;}\">\n\t\t\t\t\t<div class=\"e-con-inner\">\n\t\t<div class=\"elementor-element elementor-element-75c5498 e-con-full e-flex e-con e-child\" data-id=\"75c5498\" data-element_type=\"container\">\n\t\t\t\t<div class=\"elementor-element elementor-element-14adc50 elementor-widget elementor-widget-image\" data-id=\"14adc50\" data-element_type=\"widget\" data-widget_type=\"image.default\">\n\t\t\t\t<div class=\"elementor-widget-container\">\n\t\t\t\t\t\t\t\t\t\t\t\t\t\t\t<img fetchpriority=\"high\" decoding=\"async\" width=\"800\" height=\"443\" src=\"https:\/\/jouvella.fr\/wp-content\/uploads\/2025\/06\/cocon-scaled-scaled-1024x567.png?ver=1750459308\" class=\"attachment-large size-large wp-image-1169\" alt=\"\" srcset=\"https:\/\/jouvella.fr\/wp-content\/uploads\/2025\/06\/cocon-scaled-scaled-1024x567.png 1024w, https:\/\/jouvella.fr\/wp-content\/uploads\/2025\/06\/cocon-scaled-scaled-300x166.png 300w, https:\/\/jouvella.fr\/wp-content\/uploads\/2025\/06\/cocon-scaled-scaled-768x425.png 768w, https:\/\/jouvella.fr\/wp-content\/uploads\/2025\/06\/cocon-scaled-scaled-1536x851.png 1536w, https:\/\/jouvella.fr\/wp-content\/uploads\/2025\/06\/cocon-scaled-scaled-2048x1134.png 2048w\" sizes=\"(max-width: 800px) 100vw, 800px\" \/>\t\t\t\t\t\t\t\t\t\t\t\t\t\t\t<\/div>\n\t\t\t\t<\/div>\n\t\t\t\t<\/div>\n\t\t<div class=\"elementor-element elementor-element-c99e67a e-con-full e-flex e-con e-child\" data-id=\"c99e67a\" data-element_type=\"container\">\n\t\t\t\t<\/div>\n\t\t\t\t\t<\/div>\n\t\t\t\t<\/div>\n\t\t<div class=\"elementor-element elementor-element-713e0fa e-flex e-con-boxed e-con e-parent\" data-id=\"713e0fa\" data-element_type=\"container\">\n\t\t\t\t\t<div class=\"e-con-inner\">\n\t\t<div class=\"elementor-element elementor-element-27ef59e e-con-full e-flex e-con e-child\" data-id=\"27ef59e\" data-element_type=\"container\">\n\t\t\t\t<div class=\"elementor-element elementor-element-a755475 elementor-widget elementor-widget-text-editor\" data-id=\"a755475\" data-element_type=\"widget\" data-widget_type=\"text-editor.default\">\n\t\t\t\t<div class=\"elementor-widget-container\">\n\t\t\t\t\t\t\t\t\t<p><strong>residence de jouvence, anti-age.<\/strong><\/p>\t\t\t\t\t\t\t\t<\/div>\n\t\t\t\t<\/div>\n\t\t\t\t<div class=\"elementor-element elementor-element-06bca7c elementor-widget elementor-widget-text-editor\" data-id=\"06bca7c\" data-element_type=\"widget\" data-widget_type=\"text-editor.default\">\n\t\t\t\t<div class=\"elementor-widget-container\">\n\t\t\t\t\t\t\t\t\t<p>A l&rsquo;image d&rsquo;une chrysalide, nos r\u00e9sidences apportent confort et s\u00e9curit\u00e9 tout en favorisant votre renouveau.<\/p><p>Chaque jour est une invitation \u00e0 vivre son \u00e2ge avec passion !<\/p>\t\t\t\t\t\t\t\t<\/div>\n\t\t\t\t<\/div>\n\t\t\t\t<\/div>\n\t\t<div class=\"elementor-element elementor-element-c037952 e-con-full e-flex e-con e-child\" data-id=\"c037952\" data-element_type=\"container\">\n\t\t\t\t<\/div>\n\t\t\t\t\t<\/div>\n\t\t\t\t<\/div>\n\t\t\t\t<\/div>\n\t\t","protected":false},"excerpt":{"rendered":"<p>BIEN VIVRE, EN TOUTE S\u00e9r\u00e9nit\u00e9. Bienvenue chez JOUVELLA, R\u00e9sidences pours\u00e9niors autonomes. Savourez une vie paisible dans un cadre s\u00e9curis\u00e9, lib\u00e9r\u00e9 des contraintes du quotidien et de la solitude. Profitez d\u2019un environnement raffin\u00e9, alliant ind\u00e9pendance, convivialit\u00e9 et bien-\u00eatre. Comment rendons-nous cela possible ? Nous nous concentrons sur ce qui a du sens, sur de l&rsquo;essentiel et [&hellip;]<\/p>\n","protected":false},"author":1,"featured_media":0,"parent":0,"menu_order":0,"comment_status":"closed","ping_status":"closed","template":"elementor_header_footer","meta":{"footnotes":""},"folder":[],"class_list":["post-656","page","type-page","status-publish","hentry"],"_links":{"self":[{"href":"https:\/\/jouvella.fr\/index.php?rest_route=\/wp\/v2\/pages\/656","targetHints":{"allow":["GET"]}}],"collection":[{"href":"https:\/\/jouvella.fr\/index.php?rest_route=\/wp\/v2\/pages"}],"about":[{"href":"https:\/\/jouvella.fr\/index.php?rest_route=\/wp\/v2\/types\/page"}],"author":[{"embeddable":true,"href":"https:\/\/jouvella.fr\/index.php?rest_route=\/wp\/v2\/users\/1"}],"replies":[{"embeddable":true,"href":"https:\/\/jouvella.fr\/index.php?rest_route=%2Fwp%2Fv2%2Fcomments&post=656"}],"version-history":[{"count":435,"href":"https:\/\/jouvella.fr\/index.php?rest_route=\/wp\/v2\/pages\/656\/revisions"}],"predecessor-version":[{"id":1187,"href":"https:\/\/jouvella.fr\/index.php?rest_route=\/wp\/v2\/pages\/656\/revisions\/1187"}],"wp:attachment":[{"href":"https:\/\/jouvella.fr\/index.php?rest_route=%2Fwp%2Fv2%2Fmedia&parent=656"}],"wp:term":[{"taxonomy":"folder","embeddable":true,"href":"https:\/\/jouvella.fr\/index.php?rest_route=%2Fwp%2Fv2%2Ffolder&post=656"}],"curies":[{"name":"wp","href":"https:\/\/api.w.org\/{rel}","templated":true}]}}